-20) - 0)*(-74 + 0). Let m = g + 1419. What is the hundreds digit of m?
9
Let h(i) = i**3 + 6*i**2 - 7*i - 12. Suppose -5*j = 5*u - 70, -j - 4*u = -2*j + 24. Suppose 3*y + y + j = 0. What is the units digit of h(y)?
8
Let v be 33/6 + (-4)/(9 - 1). Suppose -5*k = -2*x + 16 + v, 4*x = -k - 13. What is the tens digit of x + 5 - (4 + -6 + -63)?
6
Let y(z) = 36*z**2 + 15*z + 958. What is the ten thousands digit of y(32)?
3
Suppose 11*q - 30*q + 247 = 0. Suppose -q*d + 7641 = -5073. What is the tens digit of d?
7
Let i(s) = 6*s - 19. Let v be i(4). Suppose 0 = v*n - 3294 - 1356. Suppose 0 = 5*d - 4*j - 970, -n = -5*d - 0*d - 4*j. What is the tens digit of d?
9
Suppose 109*m - 112*m + 2*z = -216386, 2*m = 2*z + 144252. What is the tens digit of m?
3
Suppose 0 = -23*b + 333 - 57. What is the tens digit of (2 - -35)*24*6/b?
4
Suppose 0 = 8*n + 101 - 853. Let d = -92 + n. What is the tens digit of 176/12*-7*(-3)/d?
5
Suppose 12246 = -8*y + 49590. Suppose -5*p + y = 418. What is the hundreds digit of p?
8
Let s = 12 + 66. Let q = -3 + s. What is the tens digit of q?
7
Suppose -60*j + 2*j = 16*j - 216524. What is the units digit of j?
6
Let j(u) = u**3 + 17*u**2 + 13*u - 36. Suppose 6*d + 48 = 3*d. Let z be j(d). Let h(c) = c**3 - 11*c**2 + 3*c - 29. What is the hundreds digit of h(z)?
1
Suppose 4*v = 3*x - 36990 - 4312, 3*v = 6. What is the tens digit of x?
7
Suppose -g - 2*p + 23 = 0, p = -5*g + 68 - 7. Let f be ((-1)/3)/((-1)/9). What is the tens digit of (1 - 2)/((f/g)/(-3))?
1
Let f = 135 - 132. Suppose 4*h = -x + 2618, f*h - 33*x = -32*x + 1967. What is the tens digit of h?
5
Let x = 76682 - 38577. What is the units digit of x?
5
Let n(i) be the first derivative of -20*i**2 - 79*i + 9. What is the hundreds digit of n(-6)?
1
What is the thousands digit of -7*(-10)/((-280)/(-24022))*4?
4
Let x = -376 + 380. Suppose x*r - 3398 = -5*k, -k + 353 = -5*r - 344. What is the units digit of k?
2
Let j(t) = -2*t**3 - 39*t**2 - 56*t + 74. What is the ten thousands digit of j(-26)?
1
Let m = 480 - 478. Suppose -m*z + 3*n + 1 = -120, z + 5*n = 67. What is the units digit of z?
2
Let i = -47 + 43. Let c be 4*((-24)/6 + i). What is the units digit of 654/4 - (-16)/c?
3
Let j(r) = r**3 - 6*r**2 + 10*r - 4. Let d be j(4). Let t(k) = -d + 70*k - 9 + 9. What is the hundreds digit of t(2)?
1
Let w be 8/16 + 0 + 22/4. Suppose -w*x + 14 = x. Suppose x*c - 118 = -4*q, 5*q + 103 = 2*c + 3. What is the tens digit of c?
5
Let b(n) be the second derivative of n**4/6 - 7*n**3/3 - n**2/2 + 6*n - 75. Let d(p) = -p**2 + 6*p + 3. Let o be d(5). What is the units digit of b(o)?
5
Let x(o) = 2*o**3 - 9*o + 33. Let m be x(6). Suppose -5*s - 199 = -g, 5*g - 672 = 3*s + m. What is the tens digit of g?
1
Suppose -4*l - 12105 - 10691 = -4*n, 0 = 4*n - l - 22790. Suppose -4*y = -z - 807 - n, 5*y + 3*z - 8113 = 0. What is the tens digit of y?
2
Let z(a) = a**2 - 8*a + 21. Let g be z(7). Let j(s) = -s**3 + 14*s**2 + 33. What is the units digit of j(g)?
3
Suppose -50676 = -5*q + 4*p, -4*q + p = -6*q + 20273. What is the tens digit of 2/9 + q/72?
4
Let i be (((-120)/2)/5)/(1 + 0). Suppose -4*k - 46 = 2*v + k, 4*v + 3*k + 78 = 0. What is the units digit of 2/i - 687/v?
8
Let z(a) = -a + 5. Let i be z(8). Let d(g) = 19*g**2 - 5*g - 14. Let v be d(i). Suppose -r = -18 - v. What is the hundreds digit of r?
1
Let r(t) = -2*t**2 + 20*t + 15. Suppose 2*z - 44 = -2*z. Let y be r(z). What is the units digit of -1 - y/3 - (-10)/15?
2
Let r(m) = 22*m + 127. Let t be r(24). Let p = t + -29. What is the hundreds digit of p?
6
Suppose 7*t = -8*j + 3*j + 37332, 5*t + 5*j = 26670. What is the thousands digit of t?
5
Let t = -10446 + 13822. What is the tens digit of t?
7
Suppose -50 = -16*d + 6*d. Suppose 2*h - d*b = -b + 1228, -3*h - 2*b = -1826. What is the units digit of h?
0
Let a(y) = y**3 + 75*y**2 + 384*y + 93. What is the tens digit of a(-47)?
9
What is the tens digit of ((-4)/(-3)*-7219)/(10 - (-352)/(-33))?
3
Suppose 5148 = 2*r + 4*d, 5*r + 5*d + 3637 - 16492 = 0. Suppose -r = -10*a + 4*a. What is the tens digit of a?
2
Let i = -192 - -298. Let t be i*3*(-5)/(-10). Suppose -g + t = -2*n, 5*g - 773 = -0*n - n. What is the tens digit of g?
5
Let k = 269605 + -189682. What is the units digit of k?
3
Let p(h) = h + 80. Let y be p(24). Suppose 192 = k - y. What is the hundreds digit of k?
2
Let u = -194 - 2711. Let n = u - -4318. What is the units digit of n?
3
Suppose -13430 = -b + 4*v, -18*b - 4*v - 40290 = -21*b. What is the tens digit of b?
3
Suppose -46*b + 915152 = 5*b - 1114954. What is the tens digit of b?
0
Let u(w) = 2*w**2 - 50*w + 54. Let q be u(24). Suppose -24*y + q*y + 4212 = 0. What is the tens digit of y?
3
Suppose 15*m - 119210 = -20*m. What is the thousands digit of m?
3
What is the hundreds digit of 5960/(-30)*1323/(-36)?
3
Suppose -2599 = -3*w + o, 5*w - 526 = 5*o + 3789. Suppose -21*h + w = 10*h. What is the tens digit of h?
2
Suppose 6*z = 66 - 36. Suppose -z*k + 714 = -2506. What is the units digit of k?
4
Let q = 36728 + -31834. What is the tens digit of q?
9
Suppose 2713704 = -2954*s + 3041*s. What is the units digit of s?
2
Suppose 216 = 9*v + 9*v. What is the hundreds digit of -36*((-176)/v - -7)?
2
Suppose -25*w - 2992 = -17*w. Let v = w + 618. What is the units digit of v?
4
Let b be (-70)/16 + 6/16. Let k be -1 - (-1 + 1 + b). Suppose 3*j = -k*j + 348. What is the units digit of j?
8
Let q = -36 + 40. Suppose j = -q*x + 878, -4*j + 3422 = 3*x - 5*x. Suppose -j = -9*n - 2*n. What is the tens digit of n?
7
Let i = 126620 - 82328. What is the ten thousands digit of i?
4
Let k = -55668 - -107709. What is the hundreds digit of k?
0
Suppose -r - 8*r = -828. Suppose 4*m - 400 = -r. Suppose 0 = 4*s - 47 - m. What is the units digit of s?
1
Let b(h) = 84*h + 84*h - 12 - 179*h - h**2. Let s be b(-7). What is the tens digit of 2/s - (-13013)/88?
4
Let o(y) = 2*y**3 - 6*y**2 - 2*y + 20. Suppose 483 - 362 = 11*b. What is the tens digit of o(b)?
3
Suppose 0 = -3*g + 142 + 107. Let p = g - 80. What is the tens digit of 3*(-524)/(-36)*p?
3
Suppose 6*p = 364 + 980. Suppose -4*u = -4*t - p, u = 5*u - 2*t - 232. What is the hundreds digit of 7132/u - (-6)/45?
1
Suppose 5*j - 20 = 0, -5*b - 124*j + 7231 = -120*j. What is the hundreds digit of b?
4
Suppose 3*z - 282 = 3*w, -z + 5*w - 520 = -6*z. Let d be (-42)/4*(-7 - -5). Let n = z - d. What is the tens digit of n?
7
Let s = 24 + 13. Suppose 4*w = 3*i - s, -i + 5*w + 3 + 13 = 0. Let k(z) = -z**3 + 12*z**2 - 9*z - 10. What is the tens digit of k(i)?
1
Let a(t) = 7*t - 23. Let w be a(4). Suppose 379 = 3*x - w*y - 2662, 4*x - 5*y - 4058 = 0. What is the hundreds digit of x?
0
Suppose -44132 + 475 = -12*b + 59219. What is the thousands digit of b?
8
Let n(b) = -9*b + 229. Let x be n(25). Suppose x*l - 844 = -2*w, -13*w - 4*l - 398 = -14*w. What is the hundreds digit of w?
4
Let g(o) = 45*o**2 + 3*o - 39. What is the hundreds digit of g(8)?
8
Let g = 2441 + 48925. What is the units digit of g?
6
Let k = 19679 + -5404. What is the units digit of k?
5
Let y be (-297792)/180 + ((-2)/5)/(-1). Let v = 2472 + y. What is the hundreds digit of v?
8
Let k(t) = -t**3 - 46*t**2 + 188*t + 279. What is the units digit of k(-50)?
9
Let a(c) = -3747*c + 525. What is the units digit of a(-9)?
8
Let r be 13 + -17 + 0 + 7. Let u be 247 - r/(-1 + 0). Suppose 0 = 10*k - 270 - u. What is the units digit of k?
2
Suppose 9614 + 13102 = 3*a - b, 4*b - 15158 = -2*a. What is the thousands digit of a?
7
Let v be (-20)/(-8)*(-2)/10*-36. Suppose -3*t - 75 = v. Let o = -2 - t. What is the units digit of o?
9
What is the units digit of 35*(149358/155 + (-44)/(-4))?
1
Let n(t) = -24*t**3 + 2*t**2 - 2*t - 11. Let r = 203 + -205. What is the hundreds digit of n(r)?
1
Let o(x) = 316*x**2 + x - 2. Let j be o(-2). Let k be ((-2)/4)/((-5)/j). Suppose 3*c - k = -3*n, 3*c - 3*n = -c + 168. What is the tens digit of c?
4
Let p(q) = -q**3 - 7*q**2 - q - 4. Let k be p(-7). Suppose k*o - 5*j - 245 = 53, -5*j = -20. What is the tens digit of o?
0
Let n(w) = -w**3 - 10*w**2 + 13*w + 33. Let z be n(-14). Suppose -188*h = -187*h - z. What is the units digit of h?
5
Let l = 16441 + -5216. What is the thousands digit of l?
1
Let r be (-8 + 2 - -1)*-1. Suppose -r*u + 1138 = -172. What is the te